{"id":375,"date":"2015-12-03T13:05:46","date_gmt":"2015-12-03T12:05:46","guid":{"rendered":"http:\/\/blog.fs1.tv\/grenzgang2016\/?page_id=7"},"modified":"2018-03-24T03:20:31","modified_gmt":"2018-03-24T02:20:31","slug":"start","status":"publish","type":"page","link":"https:\/\/blog.fs1.tv\/yourvision-eu\/","title":{"rendered":"EU Your Vision"},"content":{"rendered":"<p><strong>Der Online-Video-Wettbewerb an Salzburgs Schulen <\/strong><\/p>\n<p>In der vergangenen Zeit ist die Europ\u00e4ische Union als Ganzes oftmals in Negativ-Schlagzeilen geraten und der gro\u00dfe Friedens-Gedanke hinter dem Projekt EU steht nicht mehr im Vordergrund. Man bekommt den Eindruck, dass insbesondere die Mitgliedstaaten untereinander wenig Solidarit\u00e4t zeigen, womit auch das Vertrauen der B\u00fcrgerinnen und B\u00fcrger in den wirtschaftlichen und sozialen Zusammenhalt der Staaten geschw\u00e4cht wird.<\/p>\n<p>Wir wollen Jugendliche aus Salzburgs Schulen motivieren, sich Gedanken \u00fcber eine Vision IHRER EU zu machen und die ihnen wichtigen Werte bzw. Freiheiten und Gedanken in einen kurzen Video-Clip einflie\u00dfen zu lassen. Einfach uploaden auf YouTube, Vimeo o.\u00e4. und <a href=\"\/yourvision-eu\/mitmachen\/\">mitmachen<\/a>!<\/p>\n<p>Die Siegerklasse bzw. \u2013gruppe einer Schule erh\u00e4lt als Hauptpreis eine gro\u00dfz\u00fcgige finanzielle Unterst\u00fctzung, zur Verf\u00fcgung gestellt von Frau Abgeordneter Mag.a Claudia Schmidt, \u00a0f\u00fcr eine <strong>Br\u00fcssel- oder Stra\u00dfburg-Reise<\/strong> zum Europ\u00e4ischen Parlament.<\/p>\n<p>Download:\u00a0<a href=\"\/yourvision-eu\/files\/2015\/12\/EU-yourvision-Ausschreibung.pdf\">Eu-yourvision-Ausschreibung<\/a><\/p>\n<p><img loading=\"lazy\" decoding=\"async\" class=\"alignnone wp-image-445 size-full\" src=\"\/yourvision-eu\/files\/2015\/12\/Bild-im-Text.gif\" alt=\"bild-im-text\" width=\"1092\" height=\"221\" \/><\/p>\n","protected":false},"excerpt":{"rendered":"<p>Der Online-Video-Wettbewerb an Salzburgs Schulen In der vergangenen Zeit ist die Europ\u00e4ische Union als Ganzes oftmals in Negativ-Schlagzeilen geraten und der gro\u00dfe Friedens-Gedanke hinter dem Projekt EU steht nicht mehr im Vordergrund. Man bekommt den Eindruck, dass insbesondere die Mitgliedstaaten untereinander wenig Solidarit\u00e4t zeigen, womit auch das Vertrauen der B\u00fcrgerinnen und B\u00fcrger in den wirtschaftlichen [&hellip;]<\/p>\n","protected":false},"author":716,"featured_media":0,"parent":0,"menu_order":0,"comment_status":"closed","ping_status":"closed","template":"frontpage-page.php","meta":{"_acf_changed":false,"footnotes":""},"class_list":["post-375","page","type-page","status-publish","hentry"],"acf":[],"_links":{"self":[{"href":"https:\/\/blog.fs1.tv\/yourvision-eu\/wp-json\/wp\/v2\/pages\/375","targetHints":{"allow":["GET"]}}],"collection":[{"href":"https:\/\/blog.fs1.tv\/yourvision-eu\/wp-json\/wp\/v2\/pages"}],"about":[{"href":"https:\/\/blog.fs1.tv\/yourvision-eu\/wp-json\/wp\/v2\/types\/page"}],"author":[{"embeddable":true,"href":"https:\/\/blog.fs1.tv\/yourvision-eu\/wp-json\/wp\/v2\/users\/716"}],"replies":[{"embeddable":true,"href":"https:\/\/blog.fs1.tv\/yourvision-eu\/wp-json\/wp\/v2\/comments?post=375"}],"version-history":[{"count":16,"href":"https:\/\/blog.fs1.tv\/yourvision-eu\/wp-json\/wp\/v2\/pages\/375\/revisions"}],"predecessor-version":[{"id":546,"href":"https:\/\/blog.fs1.tv\/yourvision-eu\/wp-json\/wp\/v2\/pages\/375\/revisions\/546"}],"wp:attachment":[{"href":"https:\/\/blog.fs1.tv\/yourvision-eu\/wp-json\/wp\/v2\/media?parent=375"}],"curies":[{"name":"wp","href":"https:\/\/api.w.org\/{rel}","templated":true}]}}